mainder when 66480220 is divided by 2598.
2596
Calculate the remainder when 38283 is divided by 19094.
95
Calculate the remainder when 6007 is divided by 1674.
985
What is the remainder when 3770229 is divided by 538604?
1
Calculate the remainder when 63497 is divided by 1643.
1063
What is the remainder when 5083690 is divided by 149?
108
What is the remainder when 5190856 is divided by 149?
143
What is the remainder when 67229 is divided by 67020?
209
Calculate the remainder when 1892798 is divided by 2921.
2911
Calculate the remainder when 4649449 is divided by 6868.
6681
What is the remainder when 3739464 is divided by 934836?
120
Calculate the remainder when 9736250 is divided by 35022.
134
What is the remainder when 440642512 is divided by 17?
13
What is the remainder when 764925 is divided by 3387?
2850
What is the remainder when 9959 is divided by 2887?
1298
Calculate the remainder when 1631795 is divided by 4.
3
What is the remainder when 3554 is divided by 2825?
729
What is the remainder when 36236 is divided by 1290?
116
What is the remainder when 89166 is divided by 193?
0
Calculate the remainder when 1205656 is divided by 3241.
4
What is the remainder when 2833650 is divided by 944546?
12
What is the remainder when 11937617 is divided by 7?
6
What is the remainder when 952983 is divided by 97?
55
What is the remainder when 984330 is divided by 13?
9
What is the remainder when 38299419 is divided by 4313?
4292
Calculate the remainder when 314298 is divided by 44214.
4800
What is the remainder when 44714 is divided by 644?
278
Calculate the remainder when 43668 is divided by 560.
548
What is the remainder when 26089260 is divided by 134?
130
What is the remainder when 83903939 is divided by 9?
8
What is the remainder when 83361696 is divided by 34?
20
Calculate the remainder when 47825 is divided by 1372.
1177
Calculate the remainder when 4858321 is divided by 1240.
1
Calculate the remainder when 703810 is divided by 684.
658
Calculate the remainder when 183634 is divided by 20391.
115
What is the remainder when 23342777 is divided by 11671298?
181
Calculate the remainder when 2002341 is divided by 667369.
234
What is the remainder when 915524 is divided by 437?
9
What is the remainder when 10778037 is divided by 23792?
261
Calculate the remainder when 16689695 is divided by 67.
62
Calculate the remainder when 77996492 is divided by 5.
2
What is the remainder when 992728 is divided by 330870?
118
What is the remainder when 101623224 is divided by 2957?
5
What is the remainder when 1123655 is divided by 143?
104
Calculate the remainder when 45116 is divided by 920.
36
Calculate the remainder when 4474972 is divided by 475.
472
Calculate the remainder when 18829 is divided by 1414.
447
What is the remainder when 573145 is divided by 38?
29
What is the remainder when 68847614 is divided by 5?
4
What is the remainder when 2282809 is divided by 1557?
247
Calculate the remainder when 1054870 is divided by 62051.
3
What is the remainder when 440815 is divided by 440525?
290
Calculate the remainder when 97482 is divided by 480.
42
Calculate the remainder when 114442376 is divided by 13.
9
What is the remainder when 3485424 is divided by 25?
24
What is the remainder when 54768946 is divided by 12?
10
What is the remainder when 590786 is divided by 6218?
76
Calculate the remainder when 220551496 is divided by 2283.
2281
What is the remainder when 536091917 is divided by 16?
13
What is the remainder when 574500 is divided by 44190?
30
What is the remainder when 32922333 is divided by 51?
48
What is the remainder when 1768001 is divided by 883980?
41
Calculate the remainder when 17871292 is divided by 30654.
10
Calculate the remainder when 2581865 is divided by 860603.
56
Calculate the remainder when 14868043 is divided by 32.
11
Calculate the remainder when 1327577 is divided by 7586.
27
What is the remainder when 1567235 is divided by 782923?
1389
What is the remainder when 542221 is divided by 1650?
1021
What is the remainder when 9041716 is divided by 3065?
3031
What is the remainder when 133542583 is divided by 317?
310
What is the remainder when 352419 is divided by 146?
121
What is the remainder when 457492 is divided by 773?
649
Calculate the remainder when 1808513 is divided by 301417.
11
What is the remainder when 18793588 is divided by 68?
20
Calculate the remainder when 9441941 is divided by 920.
901
Calculate the remainder when 64904 is divided by 68.
32
Calculate the remainder when 356334511 is divided by 38.
37
What is the remainder when 1544702 is divided by 24?
14
Calculate the remainder when 4998403 is divided by 128164.
7
Calculate the remainder when 33772949 is divided by 59.
51
Calculate the remainder when 511033 is divided by 701.
4
What is the remainder when 562749 is divided by 39945?
3519
Calculate the remainder when 231419 is divided by 904.
899
Calculate the remainder when 564197 is divided by 18803.
107
Calculate the remainder when 46032887 is divided by 1729.
1720
Calculate the remainder when 254563 is divided by 28234.
457
What is the remainder when 22395293 is divided by 1319?
1311
What is the remainder when 155205179 is divided by 540?
539
What is the remainder when 580405288 is divided by 30?
28
Calculate the remainder when 29545 is divided by 26583.
2962
Calculate the remainder when 181852 is divided by 10101.
34
Calculate the remainder when 10854535 is divided by 1550609.
272
Calculate the remainder when 87281 is divided by 21004.
3265
What is the remainder when 239539 is divided by 34212?
55
What is the remainder when 10532601 is divided by 52663?
1
Calculate the remainder when 3643795 is divided by 455466.
67
What is the remainder when 5344148 is divided by 72?
20
Calculate the remainder when 8730802 is divided by 134320.
2
What is the remainder when 95442 is divided by 9384?
1602
What is the remainder when 3948876 is divided by 65?
61
Calculate the remainder when 61401 is divided by 3065.
101
What is the remainder when 1037495 is divided by 36987?
1859
What is the remainder when 262906906 is divided by 1090?
1086
Calculate the remainder when 6325212 is divided by 157.
153
What is the remainder when 126547722 is divided by 12?
6
Calculate the remainder when 4033369 is divided by 538.
521
What is the remainder when 109028 is divided by 49?
3
What is the remainder when 268523 is divided by 67093?
151
What is the remainder when 49365 is divided by 26?
17
What is the remainder when 157483 is divided by 52456?
115
What is the remainder when 11285224 is divided by 541?
505
What is the remainder when 2664211 is divided by 18?
13
Calculate the remainder when 6324279 is divided by 18.
15
Calculate the remainder when 36903078 is divided by 129.
48
Calculate the remainder when 753305 is divided by 376599.
107
What is the remainder when 1096419 is divided by 365439?
102
Calculate the remainder when 3958097 is divided by 85.
72
Calculate the remainder when 98700 is divided by 7044.
84
Calculate the remainder when 182556 is divided by 2998.
2676
What is the remainder when 71561 is divided by 1941?
1685
What is the remainder when 12026423 is divided by 69?
68
Calculate the remainder when 40908841 is divided by 7363.
13
Calculate the remainder when 234461 is divided by 142.
19
What is the remainder when 2247397 is divided by 1934?
89
Calculate the remainder when 81180917 is divided by 52341.
26
What is the remainder when 67339 is divided by 5057?
1598
What is the remainder when 55876491 is divided by 52?
47
What is the remainder when 3915550 is divided by 2942?
2690
What is the remainder when 14135570 is divided by 336561?
8
What is the remainder when 74550356 is divided by 151?
146
What is the remainder when 66905534 is divided by 5?
4
Calculate the remainder when 210986676 is divided by 469.
460
What is the remainder when 1913268 is divided by 2676?
2604
Calculate the remainder when 64917483 is divided by 30607.
36
What is the remainder when 3575626 is divided by 43?
4
What is the remainder when 2478869 is divided by 222?
17
Calculate the remainder when 381744 is divided by 6059.
27
What is the remainder when 30641 is divided by 4250?
891
What is the remainder when 34753720 is divided by 17?
8
Calculate the remainder 